 2231429899 prime?
True
Is 1911377297 composite?
True
Is 19201586951 a prime number?
True
Is 619718257 a composite number?
False
Is 3055349347 composite?
False
Is 1758087713 composite?
True
Is 2142093287 a prime number?
False
Is 8193355033 a composite number?
False
Is 100373809337 prime?
False
Is 228328845299 prime?
False
Is 3954753749 composite?
False
Is 49020319027 composite?
True
Is 20940776893 composite?
False
Is 604502053 composite?
False
Is 259592569 a composite number?
True
Is 187058747 a composite number?
True
Is 28983089 a composite number?
False
Is 16169401237 a prime number?
False
Is 37732455487 composite?
False
Is 335990381 a prime number?
False
Is 10582357153 a composite number?
True
Is 3171712447 a prime number?
True
Is 1487203219 a composite number?
False
Is 1060512251 a composite number?
True
Is 2711125357 a composite number?
False
Is 392767945 a composite number?
True
Is 11097941839 a composite number?
False
Is 19890948667 a prime number?
True
Is 57451933139 a composite number?
False
Is 17589027 a composite number?
True
Is 728580674 prime?
False
Is 228476257 a composite number?
False
Is 7116445051 prime?
True
Is 12361441397 composite?
False
Is 10163336591 prime?
False
Is 4731483338 a prime number?
False
Is 1775340409 a composite number?
False
Is 154309009 composite?
False
Is 18699314995 prime?
False
Is 7053714799 a prime number?
False
Is 33413329613 a prime number?
True
Is 94517923 a prime number?
True
Is 684097897 prime?
False
Is 9744327863 a prime number?
True
Is 6862076777 composite?
False
Is 61806911801 composite?
False
Is 1360126555 a composite number?
True
Is 6579432979 composite?
True
Is 2244684707 a composite number?
False
Is 9724355903 composite?
True
Is 113085499 composite?
True
Is 2325500389 prime?
False
Is 39102653767 a composite number?
False
Is 962814043 a prime number?
True
Is 1679109557 a composite number?
True
Is 31362064847 composite?
False
Is 572232333 composite?
True
Is 620046991 a composite number?
False
Is 69008647783 a composite number?
True
Is 5271656893 a prime number?
True
Is 421699633 a prime number?
True
Is 12452299 a composite number?
True
Is 142931305427 composite?
True
Is 6427969057 a composite number?
False
Is 521440034 prime?
False
Is 171270329 a prime number?
True
Is 4446722851 prime?
False
Is 755772059 a prime number?
False
Is 547189627 a composite number?
False
Is 2076617401 a prime number?
False
Is 309561361 prime?
True
Is 356521801 a prime number?
False
Is 50777848049 a prime number?
True
Is 56407485403 a composite number?
True
Is 1163373271 prime?
True
Is 1254530083 a prime number?
False
Is 52136396309 prime?
True
Is 1168284521 composite?
True
Is 1018991087 a prime number?
True
Is 430367311 composite?
True
Is 110260161181 composite?
False
Is 83164481 prime?
False
Is 264180907 a composite number?
True
Is 14482995257 a composite number?
False
Is 18540510763 prime?
False
Is 5312975593 prime?
True
Is 45100717489 a prime number?
False
Is 8411050199 composite?
True
Is 58563864391 a composite number?
False
Is 2300453327 composite?
True
Is 39774535711 prime?
False
Is 2140467437 prime?
True
Is 10769852777 composite?
False
Is 6518838869 a composite number?
True
Is 19181553241 composite?
False
Is 25369378369 composite?
True
Is 105954986 composite?
True
Is 205604257 a composite number?
True
Is 72801317 composite?
False
Is 6391519661 a prime number?
False
Is 2804652041 a prime number?
True
Is 20552519387 a composite number?
False
Is 39286931 composite?
False
Is 3762649271 prime?
False
Is 2956647415 composite?
True
Is 8158812887 a composite number?
False
Is 2930053549 composite?
False
Is 15119983 a composite number?
True
Is 3475762177 a prime number?
False
Is 128236780643 a composite number?
False
Is 19110054401 composite?
False
Is 114996808057 prime?
False
Is 2229677011 a prime number?
True
Is 22217381033 a composite number?
False
Is 41504551039 a prime number?
False
Is 4918052785 composite?
True
Is 150669499 composite?
False
Is 2383769951 composite?
False
Is 58995245395 a prime number?
False
Is 3332249719 a composite number?
False
Is 45580245299 a composite number?
True
Is 362124955 a prime number?
False
Is 6172145977 a prime number?
True
Is 11047748251 a prime number?
True
Is 7836064043 prime?
True
Is 8097222959 a prime number?
False
Is 1207115531 a prime number?
True
Is 555795397 composite?
False
Is 1817205589 a prime number?
False
Is 5782787789 prime?
True
Is 53027136011 a composite number?
False
Is 24390252961 composite?
True
Is 1609704661 composite?
True
Is 61626447793 a prime number?
False
Is 1513698767 a prime number?
False
Is 3436032671 composite?
False
Is 733753871 a prime number?
False
Is 274216799 prime?
True
Is 906480803 prime?
False
Is 1925474197 composite?
False
Is 2339454767 a composite number?
True
Is 7281764177 a composite number?
False
Is 221398693229 a composite number?
True
Is 16918413019 composite?
True
Is 84616139117 a composite number?
False
Is 3707287 a prime number?
True
Is 15613458127 composite?
False
Is 42981428671 a composite number?
False
Is 6964748519 a composite number?
True
Is 2860195931 a composite number?
False
Is 7167208274 composite?
True
Is 243450043 composite?
False
Is 113407961 a prime number?
True
Is 35221477 a composite number?
False
Is 1805587493 prime?
False
Is 4749014387 a composite number?
True
Is 18164694307 composite?
True
Is 1252130707 prime?
True
Is 4096868311 composite?
False
Is 1157650919 prime?
False
Is 10531971247 prime?
False
Is 219292138103 a prime number?
True
Is 239039309 prime?
False
Is 40247379443 a prime number?
False
Is 303666313 a prime number?
True
Is 282564857 prime?
False
Is 405041419 prime?
False
Is 678382097 a composite number?
False
Is 5327268118 a composite number?
True
Is 15761740067 a prime number?
False
Is 143951737 composite?
True
Is 150715322 composite?
True
Is 822676289 prime?
True
Is 2266728437 a prime number?
True
Is 10930128371 a prime number?
True
Is 782587277 prime?
True
Is 864929813 a composite number?
True
Is 28441024441 a prime number?
False
Is 1413649969 prime?
True
Is 4122881197 prime?
True
Is 1418851421 composite?
True
Is 4885843 a prime number?
True
Is 452250803 prime?
True
Is 43377955 a prime number?
False
Is 3204089159 composite?
True
Is 2567114981 a prime number?
False
Is 35123279299 prime?
False
Is 2232172381 prime?
False
Is 5173129051 a prime number?
True
Is 2248391623 prime?
False
Is 10617160513 a prime number?
False
Is 174055107 composite?
True
Is 29770210102 a prime number?
False
Is 310234259 prime?
True
Is 2986444261 a composite number?
True
Is 3617920039 a prime number?
True
Is 2419122709 prime?
False
Is 135652481467 a composite number?
False
Is 19087304573 composite?
False
Is 15015758711 a prime number?
True
Is 36919070549 a prime number?
False
Is 67362174805 composite?
True
Is 12003787429 a prime number?
True
Is 77814713279 a prime number?
True
Is 116946769 a prime number?
False
Is 140472197 prime?
True
Is 292166101 a prime number?
True
Is 256049223145 composite?
True
Is 1259831333 prime?
True
Is 32642902601 a composite number?
False
Is 29544779917 a composite number?
True
Is 3308772871 prime?
True
Is 936474457 a composite number?
False
Is 17992821586 composite?
True
Is 137800350529 a prime number?
True
Is 6164865857 composite?
True
Is 440260823 a prime number?
True
Is 3609010193 composite?
False
Is 328614653 a prime number?
True
Is 39856853263 composite?
True
Is 1492700447 a prime number?
False
Is 74425542923 composite?
True
Is 521622905 prime?
False
Is 5724918919 a composite number?
False
Is 55726466603 composite?
True
Is 554463863 a prime number?
True
Is 311849861 a prime number?
True
Is 6648302317 composite?
False
Is 3251834771 a prime number?
True
Is 1954525277 prime?
True
Is 2767450487 a prime number?
False
Is 3256885253 composite?
False
Is 421426199 composite?
False
Is 46907603597 prime?
True
Is 7261235174 a composite number?
True
Is 36981920861 a composite number?
False
Is 11034415759 composite?
True
Is 74630792519 a prime number?
True
Is 9826282979 a composite number?
False
Is 993769223 composite?
False
Is 551231321 prime?
True
Is 781068599 a composite number?
False
Is 38142941989 composite?
True
Is 413463857 composite?
True
Is 1624522571 prime?
False
Is 18190989097 prime?
False
Is 7879065